{"id":66,"date":"2022-10-24T22:57:59","date_gmt":"2022-10-24T20:57:59","guid":{"rendered":"https:\/\/ihatepizza.pl\/bronowice\/?post_type=product&#038;p=66"},"modified":"2025-05-29T21:52:33","modified_gmt":"2025-05-29T19:52:33","slug":"gnocchi-z-gorgonzola","status":"publish","type":"product","link":"https:\/\/ihatepizza.pl\/zielonki\/sklep\/kat-pasta-woo\/gnocchi-z-gorgonzola\/","title":{"rendered":"GNOCCHI Z GORGONZOL\u0104"},"content":{"rendered":"","protected":false},"excerpt":{"rendered":"<p>sos serowo-\u015bmietanowy, gruszka, orzech w\u0142oski, rukola, mi\u00f3d<\/p>\n","protected":false},"featured_media":0,"template":"","meta":[],"product_cat":[22],"product_tag":[],"class_list":["post-66","product","type-product","status-publish","hentry","product_cat-kat-pasta-woo","wcpa_has_options"],"wcpa_form_fields":{"rules":{"pric_overide_base_price":false,"pric_overide_base_price_if_gt_zero":false,"pric_overide_base_price_fully":false,"pric_cal_option_once":false,"pric_use_as_fee":false,"bind_quantity":false,"quantity_bind_formula":false},"fields":[{"type":"checkbox-group","elementId":"wcpa-checkbox-group-1677668956336","label":"20% rabatu na zup\u0119 w zestawie z makaronem","enablePrice":true,"priceOptions":"fixed_for_all","pricingType":"fixed","price":"12","name":"checkbox-group-1677668956336","other_text":"Other","cl_rule":"show","col":6,"values":[{"label":"Zupa Cebulowa","value":"zupa-cebulowa-makarony","price":"","pimage":"","pimage_id":"","pthumb":""},{"label":"Zupa pomidorowa","value":"zupa-pomidorowa-makarony","price":"","pimage":"","pimage_id":"","pthumb":""}],"relations":false,"form_id":3907,"form_rules":{"pric_cal_option_once":false,"exclude_from_discount":false,"pric_use_as_fee":false,"fee_label":"Fee","render_after_acb":false,"disp_hide_options_price":false}}]},"_links":{"self":[{"href":"https:\/\/ihatepizza.pl\/zielonki\/wp-json\/wp\/v2\/product\/66","targetHints":{"allow":["GET"]}}],"collection":[{"href":"https:\/\/ihatepizza.pl\/zielonki\/wp-json\/wp\/v2\/product"}],"about":[{"href":"https:\/\/ihatepizza.pl\/zielonki\/wp-json\/wp\/v2\/types\/product"}],"wp:attachment":[{"href":"https:\/\/ihatepizza.pl\/zielonki\/wp-json\/wp\/v2\/media?parent=66"}],"wp:term":[{"taxonomy":"product_cat","embeddable":true,"href":"https:\/\/ihatepizza.pl\/zielonki\/wp-json\/wp\/v2\/product_cat?post=66"},{"taxonomy":"product_tag","embeddable":true,"href":"https:\/\/ihatepizza.pl\/zielonki\/wp-json\/wp\/v2\/product_tag?post=66"}],"curies":[{"name":"wp","href":"https:\/\/api.w.org\/{rel}","templated":true}]}}